29 + 81, x = -3*r + 53. Let o = r - 8. Calculate the remainder when 28 is divided by o.
8
Suppose -4*s + 268 = 5*n, s - 5*n = 4*s - 201. What is the remainder when s is divided by 17?
16
Suppose -2*b - b - 3 = 0. Let d(a) = -a**2 - a + 1. Calculate the remainder when d(b) is divided by 1.
0
Suppose -2*x = 2*x + 16. What is the remainder when 12 is divided by -7*(3 - x/(-1))?
5
Let q = 5 + 3. Let o(r) = r**3 - 3*r**2 - 3*r + 1. Suppose -4*i = -2*i - 8. What is the remainder when q is divided by o(i)?
3
Suppose 0 = r + 3*w - 21, 0 = 3*w + w - 12. Calculate the remainder when 55 is divided by r.
7
Suppose 0 = x + 4*x + 3*o - 260, -3*x + 4*o = -185. Calculate the remainder when x is divided by 14.
13
What is the remainder when 13 is divided by (1/3)/((-7)/(-105))?
3
Suppose 0*j - 40 = v + 3*j, -3*v - 109 = -2*j. Let a = v - -74. Let u = -24 + a. What is the remainder when 36 is divided by u?
10
Suppose 2*g - 4*u - 28 = -0*u, -32 = -3*g - 4*u. Calculate the remainder when 2 is divided by (g/(-3))/(2 - 4).
0
Suppose 0 = 4*l + 3*z - 3, -3*z - 2*z = 15. What is the remainder when 6 is divided by l?
0
Suppose -6*j = -8*j + 4. Suppose 3*c - 70 = -5*v, -3*v + 49 = -j*c - 12. Let y(h) = 48*h**2 + h. Calculate the remainder when y(1) is divided by v.
15
Let n(c) = -c**2 + 3*c + 2. Let a be n(3). Suppose 2*k + 3 - 5 = 0. Let t = a - k. What is the remainder when t is divided by 1?
0
Suppose -3*v = -2*v - 8. Let i be (-658)/(-11) - 4/(-22). Suppose -n - i = -5*n. What is the remainder when n is divided by v?
7
Let f be 3 - -435 - (-2 + 2). Calculate the remainder when 28 is divided by f/30 + (-2)/(-5).
13
Suppose 3*u + 3*b - 30 = 0, 3*b + 23 = -4*u + 60. Suppose 3 = o - u. Suppose -w + o + 0 = 0. What is the remainder when 28 is divided by w?
8
Let j(x) = -x**3 - 7*x**2 + 6*x - 10. Let v be j(-8). Suppose -v*t = -2*t - 20. What is the remainder when 12 is divided by t?
2
Suppose -5*r + 178 + 92 = 0. What is the remainder when r is divided by 8?
6
Let q(d) = 3*d**2 + 1. Let m be q(-1). Suppose -5*c - 2*s - 25 = 3*s, -5*s = m*c + 19. What is the remainder when (-98)/c - 2/(-3) is divided by 10?
7
Suppose -2*r = 3*t - 3, -2*r = t - 4*t - 9. Suppose 2*l - 3*f = 12 - r, 3*l + 5*f - 61 = 0. What is the remainder when 15 is divided by (l/(-5))/(12/(-40))?
7
Suppose 0 = d + 3*n - 25, -3*n = -10 + 1. Suppose 4*u + 0 = d. Suppose -54 = -2*f + 4*k, -f + u*k = -5*f + 72. What is the remainder when f is divided by 8?
5
Suppose -2*u - 3*u = 5, 2*t = -3*u + 27. Calculate the remainder when t is divided by 8.
7
Suppose -5*j + 65 = -5*c, 3*j - j = -4*c + 32. Let l(m) = 2 - 1 + j*m - 3. What is the remainder when l(2) is divided by 9?
8
Let w be (-70)/(-6) + 10/(-15). Suppose 0 = -k - 5*j + 17, k + 5*j = 4*k - w. What is the remainder when 13 is divided by k?
6
Let d(n) = 31*n**2 - 4*n - 2. Calculate the remainder when d(-1) is divided by 12.
9
Let v = -12 - -18. Suppose 10 = 2*k - v. Let x = 28 + -14. What is the remainder when x is divided by k?
6
Let a be (-3)/(-2)*(-24)/(-18). Let x = 28 + a. Calculate the remainder when x is divided by 11.
8
Let l = 2 + 1. Suppose -l*g + g = -4*n - 162, -5*n + 81 = g. Calculate the remainder when g is divided by 21.
18
Let p(n) = n**3 - 2*n**2 - 3*n + 26. Calculate the remainder when p(0) is divided by 9.
8
Suppose 0 = -j + 6*j - 25. Calculate the remainder when 22 is divided by j.
2
Let m(h) = -13*h - 1. Let s be m(4). Let p = s + 87. What is the remainder when p is divided by 12?
10
Suppose -5*r = -12 - 8. Let a be 4/(3 + 1) + 4. Suppose -i - 7 = -r*t + 5, -a*i - t + 24 = 0. Calculate the remainder when 10 is divided by i.
2
Let n be -2*(-3)/6*32. Suppose 4*w - 20 = -3*a, -3*a + 0*w + n = w. Calculate the remainder when 35 is divided by a.
11
Suppose 0 = -2*f + 16 - 0. Suppose -p - p = -f. What is the remainder when p is divided by 2?
0
Let v(o) = o**3 - 2*o**2 - 3*o + 3. Suppose -2*n - 3*u + 21 = -0*n, 4*n - 27 = -3*u. Let g = -17 - -22. What is the remainder when g is divided by v(n)?
2
Suppose -m = -2*y + 48, -6 = y + 3*m - 44. Calculate the remainder when 77 is divided by y.
25
Suppose -3*i - 185 = -8*i. What is the remainder when i is divided by 8?
5
Let l = 3 + 0. Let f = 30 + -36. What is the remainder when ((-4)/f)/((-5)/(-30)) is divided by l?
1
What is the remainder when 84 is divided by (12/(-8) - 0)/(6/(-88))?
18
Let n(x) = x**3 - 4*x**2 + 6*x - 5. Let f be n(4). Suppose m - f = 31. Calculate the remainder when m is divided by 17.
16
Suppose 0*v = 2*v - 40. What is the remainder when 68 is divided by (-70)/4*v/(-25)?
12
Let f(c) = c**3 + 4*c**2 - 2*c - 1. Suppose 6*y + 16 = 2*y. Calculate the remainder when 32 is divided by f(y).
4
Let n = 10 + 24. Let s = -19 + n. Calculate the remainder when s is divided by 4.
3
Let y = 137 + -84. Calculate the remainder when y is divided by 30.
23
Let j(g) = 2*g**3 + 2*g**2 - 2. Let o = -7 - -19. Calculate the remainder when j(2) is divided by o.
10
Suppose 301 = 5*m - 209. What is the remainder when m is divided by 26?
24
Let x be (-28)/(-6) + (-2)/3. What is the remainder when 5076/90 - x/10 is divided by 19?
18
Suppose 4 = 2*b - b. Suppose -4*s + b = -2*s. Suppose -a - s*a = -36. What is the remainder when 46 is divided by a?
10
Suppose 0 = -4*t - 2*k + 150, -48 = -4*t - 3*k + 99. What is the remainder when t is divided by 10?
9
Let n be (-1)/(-4) - 1/4. Let i be -14*4/(-9) + (-70)/315. Suppose n*f - i = -2*f. Calculate the remainder when 7 is divided by f.
1
Let l = 35 + -10. What is the remainder when 49 is divided by l?
24
Let z be 5*(-3 - 34/(-10)). Suppose -64 = k - z*k + 3*y, -2*y = 3*k - 192. What is the remainder when k is divided by 22?
20
Suppose 0 = 3*q - 3*t, 11 - 39 = 5*q + 2*t. Calculate the remainder when 21 is divided by ((-11)/q)/(3/12).
10
Suppose -2*i - 2 = 4. Let k be -5*(-1 + (-1 - i)). Calculate the remainder when (-1)/k + (-516)/(-20) is divided by 9.
8
Let c be (-8)/(-12) + (-748)/6. Let l = -241 - c. Calculate the remainder when 24 is divided by ((-2)/3)/(6/l).
11
Suppose 0 = -3*p + 14 + 43. Suppose 2*w + 3*v + 16 = -3*w, 0 = -4*v - 8. Calculate the remainder when p is divided by 12 + (-2)/((-2)/w).
9
Suppose 8 = -4*t + 84. Calculate the remainder when t is divided by 11.
8
Suppose 0 = 2*k - 3*k + 14. Let h(a) = -a**2 - 13*a - 4. What is the remainder when k is divided by h(-12)?
6
Let t(n) = 6*n - 1. Let v be t(7). Let k = v - 29. Calculate the remainder when 35 is divided by k.
11
Calculate the remainder when 2/7 + (-1350)/(-126) is divided by 6.
5
What is the remainder when -25*(0 + 0 - 1) is divided by 30/(-4)*(-18)/15?
7
Let w(a) = -a + 5. Let o be w(-5). Suppose -2*l + 4*q - 2 + o = 0, 2*l + 2*q = 8. Calculate the remainder when -1 - (-1 - 1) - -9 is divided by l.
2
Let q(k) = 7*k**2 + 5*k - 3. Calculate the remainder when q(3) is divided by 27.
21
What is the remainder when 2796/60 - 2/(-5) is divided by 12?
11
Suppose 2*w - 120 = -2*w. Calculate the remainder when w is divided by 8 - (-1)/1*3.
8
Calculate the remainder when 10*(76/8 + -5) is divided by 10.
5
Let t = 13 + -11. Let v(p) = 12*p**2 - 2*p - 2. What is the remainder when v(t) is divided by 11?
9
Let b(u) = u**2 + 1. Suppose -4*t - 4 = 4*q - 0*t, 0 = q - t - 9. Suppose q*l = 5*j - 12, 5*l + 4*j = 5*j - 15. What is the remainder when b(l) is divided by 4?
2
Let y be 32/((-3)/(-24) + 0). Suppose 0 = 4*b - 0*v - 3*v - y, 4*v = -2*b + 150. Calculate the remainder when b is divided by 23.
21
Suppose -y - 2*y = 21. Let w(k) = 0*k**2 + 4 + 3*k**2 + k**3 + 6*k + k**2 + 4*k**2. What is the remainder when w(y) is divided by 4?
3
Suppose -b + 255 = 4*b. What is the remainder when b is divided by 13?
12
Let f(m) = m**3 + m**2 + m + 16. Let i = 85 - 54. What is the remainder when i is divided by f(0)?
15
Let g(s) = -s**3 + 5*s**2 + 5*s + 6. Let l be g(6). Suppose l = -2*f + f + 2. Calculate the remainder when 4 is divided by f.
0
Let c be ((-4)/(-6))/((-3)/9). Let m = 53 + c. Suppose t - m = -5*s, 5*s = -0*s + t + 59. What is the remainder when s is divided by 6?
5
Suppose 0 = -6*i + 11*i - 95. What is the remainder when 189 is divided by i?
18
Let v(l) = -l**3 + 7*l**2 - 10*l + 4. What is the remainder when 16 is divided by v(5)?
0
Suppose 0 = 5*k + 4*c - 7, -5*k - 5*c + 8 - 3 = 0. What is the remai